*2. What is h(z)?
4
Let n(z) = -z**3 - 5*z**2 + 4*z - 4. Let j = -9 - -10. Let a = j - 7. Determine n(a).
8
Let h(v) = 2*v**3 - v + v**2 - 3 - 10*v**3 + 7 - 3. Calculate h(1).
-7
Let t(y) be the second derivative of y**3/6 + y**2 - 6*y. Suppose 4*p + 3*o = p + 9, 0 = 2*p + 4*o - 14. Let l be -2 - (0 - (0 + p)). Give t(l).
-1
Let g(k) = k**2 - 1. Let x be g(1). Let f(b) be the third derivative of 0*b - 2*b**2 - 1/24*b**4 - 1/2*b**3 + 0. Calculate f(x).
-3
Let q(z) be the second derivative of -z**4/12 - 2*z**3/3 + 4*z**2 - 10*z. Determine q(-6).
-4
Let d(j) = 0*j + 5*j + j. Let b(x) = 3*x**2 + 6*x - 1. Let p be b(-2). Determine d(p).
-6
Let a(t) = 3*t - 6. Let c(x) = -2*x + 5. Let r(s) = 3*a(s) + 4*c(s). Let q = -3 + 0. Calculate r(q).
-1
Suppose -3*m - 13 = i, -2*m - 4*i = -5*m - 8. Let k(g) = g**3 + 6*g**2 + 6*g + 4. Calculate k(m).
12
Let t(k) = -5*k + 3. Let w be (-8)/10*(-200)/40. Determine t(w).
-17
Let q(o) be the second derivative of -o**6/360 - o**5/120 - o**4/24 - o**3/2 + 2*o. Let c(x) be the second derivative of q(x). What is c(0)?
-1
Let d = -4 - -4. Let s be (-1)/((-8)/(-6) + -1). Let w = s + d. Let t(o) = o - 1. What is t(w)?
-4
Let b(j) = -3*j - 16. Let m be b(-7). Let x(c) = -2*c + 7. Give x(m).
-3
Let r(j) = 2*j + j**2 - 4*j + 6*j. Let n(p) = -p**3 + 2*p**2 + p + 1. Let g be n(2). Suppose -5*d + 5*c - 30 = 0, d + g*c = -1 - 1. Give r(d).
5
Let o(s) = -2*s**2 - 1. Let q(f) = -2*f + 1. Let w be q(-2). Suppose 35 = -3*t + 8*t. Let v = t - w. What is o(v)?
-9
Let c(z) = -3*z**3 - z**2 + z. Suppose l + 2 = -3*r, -l - r = -0*l. Determine c(l).
-3
Let i = -33 - -36. Let k(w) be the second derivative of 3/2*w**2 + 0 + 1/12*w**4 - 5/6*w**i - w. Give k(5).
3
Let y(s) = 8*s - 5*s - 9 - 5*s. Determine y(-8).
7
Let x(v) = v**3 - 4*v**2 - 3*v - 6. Suppose 0*u + 4*u = 0. Suppose u = -3*i + 1 + 14. Give x(i).
4
Let y be 4/18 + 11/(-9). Let v(r) = -1. Let n(h) = -2*h + 5. Let w(l) = l + 1. Let s(c) = -n(c) + 4*w(c). Let i(g) = s(g) - v(g). Give i(y).
-6
Let z be ((-8)/(-14))/(6/42). Let u(p) be the second derivative of -3*p - 1/20*p**5 + 0 + 5/12*p**4 - p**2 - 1/3*p**3. What is u(z)?
6
Let r(o) = 85 - 39 - 5*o**2 - 43 + 2*o + o**3. What is r(4)?
-5
Let x(g) = -2*g + 16. Let t be x(7). Let f = -2 - t. Let o(c) = -2*c + 3. Calculate o(f).
11
Let d = -12 - -16. Let b(o) be the third derivative of 0*o**3 + 1/3*o**d + 0*o - 2*o**2 + 0. Calculate b(-1).
-8
Suppose q = f + 2*q + 4, 0 = f + 5*q. Let d(o) = -2*o - 4. Let h(s) = 1. Let g(p) = d(p) + 5*h(p). Calculate g(f).
11
Let i = -2 + 4. Suppose 15 = i*v + 3. Let d(b) = -b**2 + 7*b - 7. What is d(v)?
-1
Let p(w) = -w**2 - 6*w + 4. Let f be p(-6). Suppose f*l - 2 = -18. Let b(h) be the third derivative of -h**4/24 - 5*h**3/6 + 2*h**2. Determine b(l).
-1
Let x(c) = -2*c + 2. Let k be x(4). Let g be ((-50)/(-15))/((-4)/k). Let d(b) = -b**3 + 4*b**2 + 6*b - 1. Give d(g).
4
Let l = 0 + 3. Let p = -7 + 6. Let r = p - l. Let f(v) = v**2 + 4*v - 3. What is f(r)?
-3
Let i(w) = -w**3 - 10*w**2 - 15*w + 5. Let t be i(-8). Let q(x) be the first derivative of 2*x**3/3 + x**2 - x + 1. What is q(t)?
11
Let x(y) = -3*y - 6. Let s(b) = b - 11. Let m be s(7). Let a be 18/(-5) - m/(-10). Calculate x(a).
6
Let m be (1 - 3)*6/4. Let k(v) = v + 4. Calculate k(m).
1
Let m(f) = 13*f**2 - 2*f + 1. Suppose -5*a - 2*t = t + 1, 2*a - 6 = 2*t. Calculate m(a).
12
Let h(c) be the first derivative of 1/2*c**2 - 4*c - 3. What is h(5)?
1
Let s(f) be the third derivative of -f**5/60 - 5*f**4/24 - f**3/6 - f**2. Calculate s(-2).
5
Suppose -5*x = -5*k - 10, x - 4 - 1 = -2*k. Suppose 0*n - 11 = -n + x*u, 3*n + 2*u = 0. Let d(g) = 3*g + g**2 - g + 3 + n*g. Give d(-4).
3
Let z(j) = -j**2 + 3*j + 3. Let d = 17 - 16. Suppose o + d = 4. Give z(o).
3
Suppose -2*z = -4*q - 4, 1 = -5*z + 4*q + 11. Suppose -10 + 4 = -z*p. Let x(b) = -3*b**p - 1 - 4*b**2 + 4*b - 1 + 4*b**3. What is x(3)?
1
Let b(g) = -3*g + 17. Let w be b(6). Let m(j) = 5*j**3. Calculate m(w).
-5
Let l be -4 + 8 - (1 + -1). Let z = l + -8. Let n(y) = 5 + 2*y**2 - y**2 + 9*y - 2*y. Give n(z).
-7
Let d(g) be the third derivative of -g**5/60 - g**4/24 + g**3/2 + 3*g**2. Determine d(0).
3
Let d = -19 - -16. Let g(n) = 1 - n**2 - n**3 - 4 + n + 2*n. Calculate g(d).
6
Let w(y) = -y**3 - 7*y**2 - 9*y - 10. Let m be w(-6). Let o(r) = r**2 - 9*r + 9. Calculate o(m).
1
Let f(s) be the second derivative of 2*s + 0 - 5/6*s**3 - 1/12*s**4 - 2*s**2. Let p = -18 + 13. Give f(p).
-4
Let h(r) = 4*r. Let m = -7 + 16. Let x = m - 6. Let i = 2 - x. Determine h(i).
-4
Suppose -3*v + 30 = -3*j + v, 5*j + 36 = 2*v. Let r(y) = -y**2 - 9*y - 7. Calculate r(j).
11
Suppose 5*w = 5*c + 35, -9 = -2*w + 1. Let o(l) = -5*l + 0*l - 3 - l. Calculate o(c).
9
Let s(g) = g**3 - 6*g**2 + 6*g - 1. Suppose -11 = -t - 3*b, b + b + 4 = 5*t. Let n be (t/(-2))/(2/(-10)). Give s(n).
4
Let x(p) = -p**2 - 8*p - 5. Let k be x(-7). Let u(s) = -s**3 - 26*s**2 - 4 + 20*s**k + s - 6*s. Calculate u(-5).
-4
Let v(k) be the second derivative of -5*k**3/6 + k**2/2 + 3*k. Calculate v(-2).
11
Let q(m) = m**2 - 7*m + 2. Let j be (-23)/(-3) + (-6)/9. Determine q(j).
2
Let w be 10/(-2 + (2 - -2)). Let m(i) = 5*i**2 - 7*i - 7. Let z(d) = -6*d**2 - 6*d**2 + 3*d**2 + 14 + 13*d. Let j(r) = 7*m(r) + 4*z(r). What is j(w)?
-3
Let t(l) = 4*l - 2 + 4 + 1. Let u(y) = -y**3 + 0 - y**2 - 2 + 0 + y. Let x be u(0). Determine t(x).
-5
Let n(c) = -6*c - 2. Let m(a) = -17*a - 6. Let f(g) = -3*m(g) + 8*n(g). Determine f(-3).
-7
Let h(i) = -4*i + 1 + 0 + 5*i + 5. Give h(-4).
2
Suppose -2*h = -11 - 1. Let j(l) = l + 3*l + l - h*l. Determine j(1).
-1
Let r(b) = -6*b + 4. Let l(p) = 2*p**2 + p - 2. Let h be l(-2). Let a(c) = -11*c + 7. Let y(z) = h*a(z) - 7*r(z). Determine y(-4).
8
Suppose 0*g = 2*g - 90. Suppose 10 = -4*c + 2*j, -j + g = -4*c - 6*j. Let o be (-2)/5 - (-18)/c. Let p(w) = w + 7. Determine p(o).
3
Let t(r) = -r**2 - 6. Let g(p) = -p**3 + 3*p**2 + 3*p - 1. Let q be g(4). Let j = q + 5. Calculate t(j).
-6
Let z(u) = 4*u - 2. Let n(q) = -9*q + 2. Let c be n(-1). Suppose -5*x + c = -4*w - 6, 0 = -5*w + 4*x - 10. Give z(w).
6
Let b = 41 - 41. Let p(j) = -j**2 - j + 2. Give p(b).
2
Let n be (-6)/3 - (1 - 8). Suppose f = -0*f + 2. Suppose f*j + 0*j - 8 = 4*o, n*o - 2*j + 10 = 0. Let r(d) = 3*d + 2. What is r(o)?
-4
Let f(r) be the first derivative of -3 - 2/3*r**3 + 4*r - 1/2*r**2. Determine f(-3).
-11
Let v(g) be the first derivative of -1 + 1 + g - 3*g**2 - 3 + 4*g**2. Give v(3).
7
Let m(j) = 2*j - 9. Let v(z) = z**3 - 5*z**2 - 5*z. Let w be v(6). Let l be m(w). Let g(d) = 3 - 5 + d**l + 3*d + 0*d**3 + 4*d**2. What is g(-3)?
-2
Let r(i) = -i**3 + i**2 + 4*i - 1. Let g be r(-2). Let k(u) = 4*u - 3. Give k(g).
9
Let l(w) = -22*w**2 - 9*w - 7 + w + 21*w**2. Let c(m) = m - 1. Let k be c(-4). Give l(k).
8
Let f(z) = z**3 - z**2 - z + 5. Let r = 74 + -103. Let x = -29 - r. Give f(x).
5
Let i(b) = b - 6. Let o be 114/16 + (-3)/24. Give i(o).
1
Let j be (24/(-18))/((-1)/3). Let m(g) be the third derivative of -g**4/12 + g**3/3 + 3*g**2. What is m(j)?
-6
Let f(n) be the second derivative of 0 - n**2 - 5*n + 1/3*n**3. Determine f(4).
6
Suppose -4*f = f, -18 = -2*a - 3*f. Let l(k) = -k**2 + 8*k + 5. Calculate l(a).
-4
Let w = 6 + -2. Let o(s) = -s**2 + 2*s + 3. What is o(w)?
-5
Let j(p) = -p + 20. Let m be j(16). Let d(x) be the third derivative of -x**5/60 + 5*x**4/24 - x**2. Calculate d(m).
4
Suppose w - 4*o - 21 = -3, -6 = 5*w + 4*o. Let i be (-2)/w - 2/(-1). Let k(l) = 3*l**3 - 2*l**2 + 2*l - 1. Calculate k(i).
2
Let z(x) = 5*x**2 - x + 7*x - 6*x**2 - 10 + 3. Determine z(6).
-7
Let o = 4 - 2. Let g(s) = s**3 - 2*s**2 + 2*s - 1. Let r be g(o). Suppose r*w + w = 8. Let d(n) = -n - 2. Determine d(w).
-4
Suppose r - 3 - 2 = 0. Suppose -4*c + 3*h = -35, r*c + 4*h = -h. Let m(w) = -1 - 2*w - c*w + 4*w + 2*w. Determine m(-1).
0
Let o be (-81)/(-63) - (-2)/(-7). Let l(p) = 5*p**2 - p + 1. Give l(o).
5
Suppose 4*b + 5*g - 2 = 0, -3*g = -4*b + 2*g - 18. Let n(j) = 5*j + 7 - 5 + 0 + j. Determine n(b).
-10
Let n(c) be the third derivative of -c**4/24 - 5*c**3/3 - 4*c**2. Calculate n(-6).
-4
Let d(r) = r + 3. Let h be (10/3)/(4/(-6)). What is d(h)?
-2
Let u(k) = -k + 3. Suppose -30 = -9*x + 4*x. Suppose 5*f + 9 = -x. Give u(f).
6
Let i(f) = -f**2 - 2*f - 1. Suppose 